{"id":171,"date":"2023-09-01T13:41:13","date_gmt":"2023-09-01T13:41:13","guid":{"rendered":"http:\/\/centmans.com\/index\/?page_id=171"},"modified":"2025-08-26T15:38:42","modified_gmt":"2025-08-26T15:38:42","slug":"quienes-somos","status":"publish","type":"page","link":"https:\/\/centmans.com\/index\/quienes-somos\/","title":{"rendered":"\u00bfQui\u00e9nes somos?"},"content":{"rendered":"<div class=\"n2_clear\"><ss3-force-full-width data-overflow-x=\"body\" data-horizontal-selector=\"body\"><div class=\"n2-section-smartslider fitvidsignore  n2_clear\" data-ssid=\"11\"><div id=\"n2-ss-11-align\" class=\"n2-ss-align\"><div class=\"n2-padding\"><div id=\"n2-ss-11\" data-creator=\"Smart Slider 3\" data-responsive=\"fullwidth\" class=\"n2-ss-slider n2-ow n2-has-hover n2notransition  \">\n        <div class=\"n2-ss-slider-1 n2_ss__touch_element n2-ow\">\n            <div class=\"n2-ss-slider-2 n2-ow\">\n                                                    <div class=\"n2-ss-background-animation n2-ow\"><\/div>\n                                <div class=\"n2-ss-slider-3 n2-ow\">\n\n                    <div class=\"n2-ss-slide-backgrounds n2-ow-all\"><div class=\"n2-ss-slide-background\" data-public-id=\"1\" data-mode=\"stretch\"><div class=\"n2-ss-slide-background-image\" data-blur=\"0\" data-opacity=\"40\" data-x=\"48\" data-y=\"47\" data-alt=\"\" data-title=\"\" style=\"opacity:0.4;--ss-o-pos-x:48%;--ss-o-pos-y:47%\"><picture class=\"skip-lazy\" data-skip-lazy=\"1\"><img decoding=\"async\" src=\"\/\/centmans.com\/index\/wp-content\/uploads\/2023\/09\/1693388034720-copia.jpg\" alt=\"\" title=\"\" loading=\"lazy\" class=\"skip-lazy\" data-skip-lazy=\"1\"><\/picture><\/div><div data-color=\"RGBA(0,0,0,1)\" style=\"background-color: RGBA(0,0,0,1);\" class=\"n2-ss-slide-background-color\"><\/div><\/div><\/div>                    <div class=\"n2-ss-slider-4 n2-ow\">\n                        <svg xmlns=\"http:\/\/www.w3.org\/2000\/svg\" viewBox=\"0 0 1400 400\" data-related-device=\"desktopPortrait\" class=\"n2-ow n2-ss-preserve-size n2-ss-preserve-size--slider n2-ss-slide-limiter\"><\/svg><div data-first=\"1\" data-slide-duration=\"0\" data-id=\"34\" data-slide-public-id=\"1\" data-title=\"AC4382-1\" class=\"n2-ss-slide n2-ow  n2-ss-slide-34\"><div role=\"note\" class=\"n2-ss-slide--focus\" tabindex=\"-1\">AC4382-1<\/div><div class=\"n2-ss-layers-container n2-ss-slide-limiter n2-ow\"><div class=\"n2-ss-layer n2-ow n-uc-oe1K10ZsmWBk\" data-sstype=\"slide\" data-pm=\"default\"><div class=\"n2-ss-layer n2-ow n-uc-12966ec99905a\" data-pm=\"default\" data-sstype=\"content\" data-hasbackground=\"0\"><div class=\"n2-ss-section-main-content n2-ss-layer-with-background n2-ss-layer-content n2-ow n-uc-12966ec99905a-inner\"><div class=\"n2-ss-layer n2-ow n-uc-176ceed00639f\" data-pm=\"normal\" data-sstype=\"layer\"><div id=\"n2-ss-11item1\" class=\"  n2-ss-item-content n2-ss-text n2-ow\" style=\"display:block;white-space:nowrap;\"><a class=\"n2-ow n2-font-80121831c65f97aded9fbc334cd7f632-hover \" style=\"display:block;\" href=\"http:\/\/centmans.com\/index\">Qui\u00e9nes somos?<\/a><\/div><\/div><div class=\"n2-ss-layer n2-ow n2-ss-layer--block n2-ss-has-self-align n-uc-1c481a40588ee\" data-pm=\"normal\" data-sstype=\"row\"><div class=\"n2-ss-layer-row n2-ss-layer-with-background n-uc-1c481a40588ee-inner\"><div class=\"n2-ss-layer-row-inner \"><div class=\"n2-ss-layer n2-ow n-uc-1e852860b6b73\" data-pm=\"default\" data-sstype=\"col\"><div class=\"n2-ss-layer-col n2-ss-layer-with-background n2-ss-layer-content n-uc-1e852860b6b73-inner\"><div class=\"n2-ss-layer n2-ow n-uc-10e376c605fa3\" data-pm=\"normal\" data-sstype=\"layer\"><div class=\" n2-ss-item-image-content n2-ss-item-content n2-ow-all\"><a href=\"http:\/\/centmans.com\/index\/quienes-somos\/\"><img loading=\"lazy\" decoding=\"async\" id=\"n2-ss-11item2\" alt=\"\" class=\"skip-lazy\" width=\"404\" height=\"506\" data-skip-lazy=\"1\" src=\"\/\/centmans.com\/index\/wp-content\/uploads\/2024\/11\/serge-Sin-titulo-1.jpg\" \/><\/a><\/div><\/div><div class=\"n2-ss-layer n2-ow n-uc-10e18c5c176ba\" data-pm=\"normal\" data-sstype=\"layer\"><div class=\"n2-ss-item-content n2-ss-text n2-ow-all\"><div class=\"\"><p class=\"n2-font-4f8e7662018ef307651932eac2814fac-paragraph   \"><b>Sergi Moreno<br \/>\n<\/b><br \/>Presidente de <a href=\"http:\/\/centmans.com\/index\/quienes-somos\/\"><\/a><a href=\"#\"><b>CENTMANS<\/b><\/a> S.Coop.<br \/>\nLicenciado en Historia por la Universitat Aut\u00f2noma de Barcelona, con formaci\u00f3n especializada en Did\u00e1ctica de las Ciencias Sociales y en Fundamentos de los Sistemas de Informaci\u00f3n Geogr\u00e1fica (<a href=\"https:\/\/centmans.com\/index\/sig\/\">SIG<\/a>).<br \/>\nEn <a href=\"http:\/\/centmans.com\/index\/quienes-somos\/\"><\/a><a href=\"#\"><b>CENTMANS<\/b><\/a> centra su actividad en la investigaci\u00f3n hist\u00f3rica y la gesti\u00f3n de proyectos de patrimonio, combinando an\u00e1lisis documental, elaboraci\u00f3n de estudios hist\u00f3ricos y seguimiento de cat\u00e1logos patrimoniales con el uso de tecnolog\u00edas SIG. Ha participado en numerosos proyectos, desarrollando sistemas de informaci\u00f3n para inventarios de caminos y bienes patrimoniales, as\u00ed como estudios de recuperaci\u00f3n y documentaci\u00f3n de elementos etnogr\u00e1ficos.<br \/>\nAdem\u00e1s, cuenta con amplia experiencia docente y en la creaci\u00f3n de recursos educativos y materiales did\u00e1cticos, dise\u00f1ando contenidos para instituciones p\u00fablicas y editoriales, con el objetivo de difundir el patrimonio y facilitar el aprendizaje hist\u00f3rico y cultural.<br \/>\nSus \u00e1reas de especializaci\u00f3n incluyen proyectos hist\u00f3ricos y patrimoniales, gesti\u00f3n mediante SIG y dise\u00f1o de programas educativos y de difusi\u00f3n cultural.<br \/>\nEntre sus logros destacan publicaciones cient\u00edficas y materiales did\u00e1cticos \u2014tanto impresos como multimedia\u2014 que contribuyen a la difusi\u00f3n del conocimiento hist\u00f3rico y patrimonial de las Pitiusas.<\/p>\n<\/div><\/div><\/div><div class=\"n2-ss-layer n2-ow n2-ss-layer--block n2-ss-has-self-align n-uc-1229e89f2dc4f\" data-pm=\"normal\" data-sstype=\"row\"><div class=\"n2-ss-layer-row n2-ss-layer-with-background n-uc-1229e89f2dc4f-inner\"><div class=\"n2-ss-layer-row-inner \"><div class=\"n2-ss-layer n2-ow n-uc-130d92b08b078\" data-pm=\"default\" data-sstype=\"col\"><div class=\"n2-ss-layer-col n2-ss-layer-with-background n2-ss-layer-content n-uc-130d92b08b078-inner\"><\/div><\/div><div class=\"n2-ss-layer n2-ow n-uc-11260510dc2a1\" data-pm=\"default\" data-sstype=\"col\"><div class=\"n2-ss-layer-col n2-ss-layer-with-background n2-ss-layer-content n-uc-11260510dc2a1-inner\"><\/div><\/div><\/div><\/div><\/div><div class=\"n2-ss-layer n2-ow n2-ss-layer--block n2-ss-has-self-align n-uc-185f990d0ad5b\" data-pm=\"normal\" data-sstype=\"row\"><div class=\"n2-ss-layer-row n2-ss-layer-with-background n-uc-185f990d0ad5b-inner\"><div class=\"n2-ss-layer-row-inner \"><div class=\"n2-ss-layer n2-ow n-uc-1417e32135fd1\" data-pm=\"default\" data-sstype=\"col\"><div class=\"n2-ss-layer-col n2-ss-layer-with-background n2-ss-layer-content n-uc-1417e32135fd1-inner\"><\/div><\/div><div class=\"n2-ss-layer n2-ow n-uc-1ad874a808b17\" data-pm=\"default\" data-sstype=\"col\"><div class=\"n2-ss-layer-col n2-ss-layer-with-background n2-ss-layer-content n-uc-1ad874a808b17-inner\"><\/div><\/div><\/div><\/div><\/div><\/div><\/div><div class=\"n2-ss-layer n2-ow n-uc-17b4a53d07ca1\" data-pm=\"default\" data-sstype=\"col\"><div class=\"n2-ss-layer-col n2-ss-layer-with-background n2-ss-layer-content n-uc-17b4a53d07ca1-inner\"><div class=\"n2-ss-layer n2-ow n-uc-107874030c536\" data-pm=\"normal\" data-sstype=\"layer\"><div class=\" n2-ss-item-image-content n2-ss-item-content n2-ow-all\"><a href=\"http:\/\/centmans.com\/index\/quienes-somos\/\"><img loading=\"lazy\" decoding=\"async\" id=\"n2-ss-11item4\" alt=\"\" class=\"skip-lazy\" style=\"width:333px;height:auto\" width=\"404\" height=\"506\" data-skip-lazy=\"1\" src=\"\/\/centmans.com\/index\/wp-content\/uploads\/2024\/11\/laiaSin-titulo-1.jpg\" \/><\/a><\/div><\/div><div class=\"n2-ss-layer n2-ow n-uc-1f0754a68b091\" data-pm=\"normal\" data-sstype=\"layer\"><div class=\"n2-ss-item-content n2-ss-text n2-ow-all\"><div class=\"\"><p class=\"n2-font-4f8e7662018ef307651932eac2814fac-paragraph   \"><b>Laia Fern\u00e1ndez<br \/>\n<br \/><\/b>Interventora de <a href=\"HTTP:\/\/CENTMANS.COM\/INDEX\/QUIENES-SOMOS\/\"><\/a><a href=\"#\"><b>CENTMANS<\/b><\/a> S. Coop.<br \/>\nDiplomada en Conservaci\u00f3n y Restauraci\u00f3n de Material Arqueol\u00f3gico por la Escola Superior de Conservaci\u00f3 i Restauraci\u00f3 de B\u00e9ns Culturals de Catalunya. Desde entonces ha desarrollado una trayectoria profesional de m\u00e1s de dos d\u00e9cadas en la <a href=\"https:\/\/centmans.com\/index\/restauracion\/\">conservaci\u00f3n y restauraci\u00f3n<\/a> de patrimonio arqueol\u00f3gico, arquitect\u00f3nico, etnogr\u00e1fico, industrial y art\u00edstico, tanto en instituciones p\u00fablicas como en proyectos privados, nacionales e internacionales.<br \/>\nCentra su actividad en la restauraci\u00f3n de materiales arqueol\u00f3gicos y arquitect\u00f3nicos, con especial atenci\u00f3n a la cer\u00e1mica, el vidrio, los metales y la piedra, as\u00ed como en la redacci\u00f3n, direcci\u00f3n y ejecuci\u00f3n de proyectos de restauraci\u00f3n de bienes culturales. Ha participado en iniciativas de investigaci\u00f3n innovadoras y es autora de numerosas publicaciones especializadas en el \u00e1mbito de la conservaci\u00f3n.<br \/>\nEn <a href=\"HTTP:\/\/CENTMANS.COM\/INDEX\/QUIENES-SOMOS\/\"><\/a><a href=\"#\"><b>CENTMANS<\/b><\/a> combina la direcci\u00f3n y ejecuci\u00f3n de proyectos de restauraci\u00f3n con la gesti\u00f3n financiera y administrativa de la cooperativa, aportando al equipo su experiencia t\u00e9cnica, su capacidad de coordinaci\u00f3n y una s\u00f3lida visi\u00f3n global de la gesti\u00f3n patrimonial.<\/p>\n<\/div><\/div><\/div><\/div><\/div><\/div><\/div><\/div><div class=\"n2-ss-layer n2-ow n2-ss-layer--block n2-ss-has-self-align n-uc-1cf9ab409c64d\" data-pm=\"normal\" data-sstype=\"row\"><div class=\"n2-ss-layer-row n2-ss-layer-with-background n-uc-1cf9ab409c64d-inner\"><div class=\"n2-ss-layer-row-inner \"><div class=\"n2-ss-layer n2-ow n-uc-132cf49977955\" data-pm=\"default\" data-sstype=\"col\"><div class=\"n2-ss-layer-col n2-ss-layer-with-background n2-ss-layer-content n-uc-132cf49977955-inner\"><div class=\"n2-ss-layer n2-ow n-uc-17d6f93cca482\" data-pm=\"normal\" data-sstype=\"layer\"><div class=\" n2-ss-item-image-content n2-ss-item-content n2-ow-all\"><a href=\"http:\/\/centmans.com\/index\/quienes-somos\/\"><img loading=\"lazy\" decoding=\"async\" id=\"n2-ss-11item6\" alt=\"\" class=\"skip-lazy\" width=\"404\" height=\"506\" data-skip-lazy=\"1\" src=\"\/\/centmans.com\/index\/wp-content\/uploads\/2024\/11\/AnnaSin-titulo-1.jpg\" \/><\/a><\/div><\/div><div class=\"n2-ss-layer n2-ow n-uc-115f72c62e75b\" data-pm=\"normal\" data-sstype=\"layer\"><div class=\"n2-ss-item-content n2-ss-text n2-ow-all\"><div class=\"\"><p class=\"n2-font-4f8e7662018ef307651932eac2814fac-paragraph   \"><b>Anna Artina<\/b><br \/>\n<br \/>\nVicepresidenta de <a href=\"http:\/\/centmans.com\/index\/quienes-somos\/\"><\/a><a href=\"#\"><b>CENTMANS<\/b><\/a> S. Coop.<br \/>\nLicenciada en Historia del Arte por la Universidad de Barcelona, cuenta con un M\u00e1ster Interuniversitario en Arqueolog\u00eda Cl\u00e1sica (URV, ICAC, UAB), centrando su investigaci\u00f3n en la explotaci\u00f3n del material lap\u00eddeo en \u00e9poca romana.<br \/>\nSu actividad se centra en <a href=\"https:\/\/centmans.com\/index\/arqueologia\/\">proyectos de arqueolog\u00eda <\/a>de campo y coordinaci\u00f3n de equipos, abarcando desde excavaciones y seguimientos arqueol\u00f3gicos hasta la investigaci\u00f3n hist\u00f3rica y la documentaci\u00f3n de materiales. Participa en estudios sobre paisajes culturales, explotaci\u00f3n de canteras y producci\u00f3n art\u00edstica en piedra, combinando la pr\u00e1ctica de campo con la investigaci\u00f3n aplicada.<br \/>\nHa publicado diversos estudios y presentado conferencias sobre intervenciones arqueol\u00f3gicas y materiales lap\u00eddeos, y colabora en proyectos de investigaci\u00f3n predoctoral en arqueometr\u00eda. Su experiencia asegura que cada proyecto se ejecute con rigor cient\u00edfico y respeto por el patrimonio cultural.<\/p>\n<\/div><\/div><\/div><\/div><\/div><div class=\"n2-ss-layer n2-ow n-uc-16987fb7ed784\" data-pm=\"default\" data-sstype=\"col\"><div class=\"n2-ss-layer-col n2-ss-layer-with-background n2-ss-layer-content n-uc-16987fb7ed784-inner\"><div class=\"n2-ss-layer n2-ow n-uc-1b4d62e0f0256\" data-pm=\"normal\" data-sstype=\"layer\"><div class=\" n2-ss-item-image-content n2-ss-item-content n2-ow-all\"><a href=\"http:\/\/centmans.com\/index\/quienes-somos\/\"><img loading=\"lazy\" decoding=\"async\" id=\"n2-ss-11item8\" alt=\"\" class=\"skip-lazy\" width=\"240\" height=\"300\" data-skip-lazy=\"1\" src=\"\/\/centmans.com\/index\/wp-content\/uploads\/2025\/08\/peteSin-titulo-1OKOKOKOKOK.png\" \/><\/a><\/div><\/div><div class=\"n2-ss-layer n2-ow n-uc-10f03931164e2\" data-pm=\"normal\" data-sstype=\"layer\"><div class=\"n2-ss-item-content n2-ss-text n2-ow-all\"><div class=\"\"><p class=\"n2-font-4f8e7662018ef307651932eac2814fac-paragraph   \"><b>Pedro A. Ortega:<br \/>\n<\/b><br \/>Secretario de <a href=\"HTTP:\/\/CENTMANS.COM\/INDEX\/QUIENES-SOMOS\/\"><\/a><a href=\"#\"><b>CENTMANS<\/b><\/a> S. Coop.<br \/>\nEspecialista en comunicaci\u00f3n visual, dise\u00f1o gr\u00e1fico y proyectos editoriales. Licenciado en Ling\u00fc\u00edstica General por la Universidad de Barcelona y con un grado superior en Gr\u00e1fica Publicitaria y Multimedia por la Escola d\u2019Art Serra i Abella, ha desarrollado una trayectoria profesional diversa vinculada al dise\u00f1o, la edici\u00f3n y la creaci\u00f3n de contenidos.<br \/>\nSu actividad se centra en la <a href=\"https:\/\/centmans.com\/index\/editorial\/\">maquetaci\u00f3n y correcci\u00f3n de textos<\/a>, la producci\u00f3n gr\u00e1fica y la coordinaci\u00f3n de proyectos editoriales y de divulgaci\u00f3n, combinando su formaci\u00f3n human\u00edstica con sus competencias t\u00e9cnicas en entornos multimedia. En <a href=\"HTTP:\/\/CENTMANS.COM\/INDEX\/QUIENES-SOMOS\/\"><\/a><a href=\"#\"><b>CENTMANS<\/b><\/a> tambi\u00e9n colabora en la elaboraci\u00f3n y edici\u00f3n de informes, materiales educativos y publicaciones especializadas, aportando precisi\u00f3n, creatividad y solvencia t\u00e9cnica.<br \/>\nParalelamente, ha trabajado en el \u00e1mbito del dise\u00f1o publicitario, la gesti\u00f3n cultural y la producci\u00f3n audiovisual, acumulando experiencia en empresas y agencias de comunicaci\u00f3n, as\u00ed como en proyectos propios. Su versatilidad le permite integrar recursos gr\u00e1ficos, editoriales y digitales en cada propuesta, garantizando resultados de calidad adaptados a diferentes p\u00fablicos y soportes.<br \/>\nAsimismo, cuenta con experiencia en la organizaci\u00f3n, coordinaci\u00f3n y producci\u00f3n de eventos, tanto culturales como divulgativos, en los que ha desempe\u00f1ado tareas de log\u00edstica, comunicaci\u00f3n y apoyo t\u00e9cnico, reforzando su perfil polivalente y su capacidad para gestionar proyectos de manera integral.<\/p>\n<\/div><\/div><\/div><\/div><\/div><\/div><\/div><\/div><div class=\"n2-ss-layer n2-ow n2-ss-layer--auto n2-ss-has-self-align n2-ss-stretch-layer n-uc-10a960f7e5150\" data-pm=\"normal\" data-sstype=\"row\"><div class=\"n2-ss-layer-row n2-ss-layer-with-background n-uc-10a960f7e5150-inner\"><div class=\"n2-ss-layer-row-inner \"><div class=\"n2-ss-layer n2-ow n-uc-130fe479f64fd\" data-pm=\"default\" data-sstype=\"col\"><div class=\"n2-ss-layer-col n2-ss-layer-with-background n2-ss-layer-content n-uc-130fe479f64fd-inner\"><\/div><\/div><div class=\"n2-ss-layer n2-ow n-uc-177732d310bec\" data-pm=\"default\" data-sstype=\"col\"><div class=\"n2-ss-layer-col n2-ss-layer-with-background n2-ss-layer-content n-uc-177732d310bec-inner\"><\/div><\/div><\/div><\/div><\/div><div class=\"n2-ss-layer n2-ow n-uc-1a9414b3e3ec8\" data-pm=\"normal\" data-sstype=\"layer\"><div class=\" n2-ss-item-image-content n2-ss-item-content n2-ow-all\"><a href=\"http:\/\/centmans.com\/index\/quienes-somos\/\"><img loading=\"lazy\" decoding=\"async\" id=\"n2-ss-11item10\" alt=\"\" class=\"skip-lazy\" width=\"934\" height=\"2353\" data-skip-lazy=\"1\" src=\"\/\/centmans.com\/index\/wp-content\/uploads\/2023\/09\/IMAGO-45-escudo-W.png\" \/><\/a><\/div><\/div><\/div><\/div><\/div><\/div><\/div>                    <\/div>\n\n                                    <\/div>\n            <\/div>\n        <\/div>\n        <\/div><ss3-loader><\/ss3-loader><\/div><\/div><div class=\"n2_clear\"><\/div><\/div><\/ss3-force-full-width><\/div>","protected":false},"excerpt":{"rendered":"","protected":false},"author":1,"featured_media":0,"parent":0,"menu_order":0,"comment_status":"closed","ping_status":"closed","template":"","meta":{"footnotes":""},"_links":{"self":[{"href":"https:\/\/centmans.com\/index\/wp-json\/wp\/v2\/pages\/171"}],"collection":[{"href":"https:\/\/centmans.com\/index\/wp-json\/wp\/v2\/pages"}],"about":[{"href":"https:\/\/centmans.com\/index\/wp-json\/wp\/v2\/types\/page"}],"author":[{"embeddable":true,"href":"https:\/\/centmans.com\/index\/wp-json\/wp\/v2\/users\/1"}],"replies":[{"embeddable":true,"href":"https:\/\/centmans.com\/index\/wp-json\/wp\/v2\/comments?post=171"}],"version-history":[{"count":2,"href":"https:\/\/centmans.com\/index\/wp-json\/wp\/v2\/pages\/171\/revisions"}],"predecessor-version":[{"id":230,"href":"https:\/\/centmans.com\/index\/wp-json\/wp\/v2\/pages\/171\/revisions\/230"}],"wp:attachment":[{"href":"https:\/\/centmans.com\/index\/wp-json\/wp\/v2\/media?parent=171"}],"curies":[{"name":"wp","href":"https:\/\/api.w.org\/{rel}","templated":true}]}}