{"id":54,"date":"2023-08-24T17:31:59","date_gmt":"2023-08-24T17:31:59","guid":{"rendered":"http:\/\/centmans.com\/index\/?page_id=54"},"modified":"2023-09-05T13:51:54","modified_gmt":"2023-09-05T13:51:54","slug":"editorial","status":"publish","type":"page","link":"https:\/\/centmans.com\/index\/editorial\/","title":{"rendered":"Editorial"},"content":{"rendered":"<div class=\"n2_clear\"><ss3-force-full-width data-overflow-x=\"body\" data-horizontal-selector=\"body\"><div class=\"n2-section-smartslider fitvidsignore  n2_clear\" data-ssid=\"6\"><div id=\"n2-ss-6-align\" class=\"n2-ss-align\"><div class=\"n2-padding\"><div id=\"n2-ss-6\" data-creator=\"Smart Slider 3\" data-responsive=\"fullwidth\" class=\"n2-ss-slider n2-ow n2-has-hover n2notransition  \">\n        <div class=\"n2-ss-slider-1 n2_ss__touch_element n2-ow\">\n            <div class=\"n2-ss-slider-2 n2-ow\">\n                                                    <div class=\"n2-ss-background-animation n2-ow\"><\/div>\n                                <div class=\"n2-ss-slider-3 n2-ow\">\n\n                    <div class=\"n2-ss-slide-backgrounds n2-ow-all\"><div class=\"n2-ss-slide-background\" data-public-id=\"1\" data-mode=\"fill\"><div class=\"n2-ss-slide-background-image\" data-blur=\"1\" data-opacity=\"40\" data-x=\"48\" data-y=\"47\" data-alt=\"\" data-title=\"\" style=\"opacity:0.4;--ss-o-pos-x:48%;--ss-o-pos-y:47%\"><picture class=\"skip-lazy\" data-skip-lazy=\"1\"><img decoding=\"async\" src=\"\/\/centmans.com\/index\/wp-content\/uploads\/2023\/08\/AF8515.jpg\" alt=\"\" title=\"\" loading=\"lazy\" class=\"skip-lazy\" data-skip-lazy=\"1\"><\/picture><\/div><div data-color=\"RGBA(0,0,0,1)\" style=\"background-color: RGBA(0,0,0,1);\" class=\"n2-ss-slide-background-color\"><\/div><\/div><\/div>                    <div class=\"n2-ss-slider-4 n2-ow\">\n                        <svg xmlns=\"http:\/\/www.w3.org\/2000\/svg\" viewBox=\"0 0 1920 800\" data-related-device=\"desktopPortrait\" class=\"n2-ow n2-ss-preserve-size n2-ss-preserve-size--slider n2-ss-slide-limiter\"><\/svg><div data-first=\"1\" data-slide-duration=\"0\" data-id=\"29\" data-slide-public-id=\"1\" data-title=\"AC4382-1\" class=\"n2-ss-slide n2-ow  n2-ss-slide-29\"><div role=\"note\" class=\"n2-ss-slide--focus\" tabindex=\"-1\">AC4382-1<\/div><div class=\"n2-ss-layers-container n2-ss-slide-limiter n2-ow\"><div class=\"n2-ss-layer n2-ow n-uc-wwK8mtKbl1oq\" data-sstype=\"slide\" data-pm=\"default\"><div class=\"n2-ss-layer n2-ow n-uc-rHMxAItYHcYy\" data-pm=\"default\" data-sstype=\"content\" data-hasbackground=\"0\"><div class=\"n2-ss-section-main-content n2-ss-layer-with-background n2-ss-layer-content n2-ow n-uc-rHMxAItYHcYy-inner\"><div class=\"n2-ss-layer n2-ow n2-ss-layer--block n2-ss-has-self-align n-uc-DsmwrZ3UfcR9\" data-pm=\"normal\" data-sstype=\"row\"><div class=\"n2-ss-layer-row n2-ss-layer-with-background n-uc-DsmwrZ3UfcR9-inner\"><div class=\"n2-ss-layer-row-inner \"><div class=\"n2-ss-layer n2-ow n-uc-tPHeuKRSJxD7\" data-pm=\"default\" data-sstype=\"col\"><div class=\"n2-ss-layer-col n2-ss-layer-with-background n2-ss-layer-content n-uc-tPHeuKRSJxD7-inner\"><div class=\"n2-ss-layer n2-ow n-uc-HynyCMziWQDe\" data-pm=\"normal\" data-sstype=\"layer\"><div id=\"n2-ss-6item1\" class=\"  n2-ss-item-content n2-ss-text n2-ow\" style=\"display:block;white-space:nowrap;\"><a class=\"n2-ow n2-font-b9a684d1182854be017fee311c0304d0-hover \" style=\"display:block;\" href=\"http:\/\/centmans.com\/index\/editorial\/\">Editorial<\/a><\/div><\/div><\/div><\/div><div class=\"n2-ss-layer n2-ow n-uc-8mN3aN7W0rja\" data-pm=\"default\" data-sstype=\"col\"><div class=\"n2-ss-layer-col n2-ss-layer-with-background n2-ss-layer-content n-uc-8mN3aN7W0rja-inner\"><div class=\"n2-ss-layer n2-ow n-uc-vSWFiV8wblqQ\" data-pm=\"normal\" data-sstype=\"layer\"><div class=\" n2-ss-item-image-content n2-ss-item-content n2-ow-all\"><a href=\"http:\/\/centmans.com\/index\/editorial\/\"><img loading=\"lazy\" decoding=\"async\" id=\"n2-ss-6item2\" alt=\"\" class=\"skip-lazy\" width=\"1076\" height=\"1087\" data-skip-lazy=\"1\" src=\"\/\/centmans.com\/index\/wp-content\/uploads\/2023\/08\/imago-WWW.png\" \/><\/a><\/div><\/div><\/div><\/div><\/div><\/div><\/div><div class=\"n2-ss-layer n2-ow n-uc-0wBf1DFIlWZT\" data-pm=\"normal\" data-sstype=\"layer\"><div class=\"n2-ss-item-content n2-ss-text n2-ow-all\"><div class=\"\"><p class=\"n2-font-b4b52194f542ec598eb8ccfbbe98c621-paragraph   \">En <b><a href=\"http:\/\/centmans.com\/index\/quienes-somos\/\"><b>CENTMANS<\/b><\/a><\/b> ofrecemos servicios editoriales especializados, orientados tanto al \u00e1mbito cultural y educativo como a proyectos de literatura, ensayo, historia y fotograf\u00eda. Nuestro objetivo es garantizar publicaciones de calidad, que combinen rigor en el contenido con un dise\u00f1o cuidado y funcional, tanto en formato impreso como digital.<\/p>\n<\/div><\/div><\/div><div class=\"n2-ss-layer n2-ow n-uc-aakpLVBDfCMx\" style=\"overflow:hidden;\" data-pm=\"normal\" data-sstype=\"layer\"><div class=\" n2-ss-item-image-content n2-ss-item-content n2-ow-all\"><img loading=\"lazy\" decoding=\"async\" id=\"n2-ss-6item4\" alt=\"\" class=\"skip-lazy\" width=\"2400\" height=\"1118\" data-skip-lazy=\"1\" src=\"\/\/centmans.com\/index\/wp-content\/uploads\/2023\/09\/INVITA4.jpg\" \/><\/div><\/div><div class=\"n2-ss-layer n2-ow n-uc-xcfFLUCgIIrX\" data-pm=\"normal\" data-sstype=\"layer\"><div class=\"n2-ss-item-content n2-ss-text n2-ow-all\"><div class=\"\"><p class=\"n2-font-b4b52194f542ec598eb8ccfbbe98c621-paragraph   \"><b><br \/>\nNuestros servicios editoriales:<br \/>\n<\/b><br \/>\n<b>\u2022\tMAQUETACI\u00d3N Y COMPOSICI\u00d3N<\/b><br \/>\nDesarrollamos dise\u00f1os editoriales adaptados a la naturaleza de cada obra, asegurando legibilidad, coherencia y una presentaci\u00f3n profesional, tanto en libros t\u00e9cnicos y educativos como en publicaciones culturales y literarias.<br \/>\n<br \/><b>\u2022\tREVISI\u00d3N Y CORRECCI\u00d3N DE TEXTOS<\/b><br \/>\nRealizamos correcci\u00f3n ortotipogr\u00e1fica y de estilo para garantizar textos precisos, claros y consistentes, mejorando la calidad ling\u00fc\u00edstica y asegurando la m\u00e1xima profesionalidad en el resultado final.<br \/>\n<br \/><b>\u2022\tDISE\u00d1O GR\u00c1FICO<\/b><br \/>\nCreamos portadas y recursos gr\u00e1ficos que refuerzan la identidad del libro o publicaci\u00f3n, uniendo atractivo visual y adecuaci\u00f3n al contenido, con soluciones adaptadas a las necesidades de cada proyecto.<\/p>\n<\/div><\/div><\/div><div class=\"n2-ss-layer n2-ow n-uc-S3qSewkbc4K4\" data-pm=\"normal\" data-sstype=\"layer\"><div class=\" n2-ss-item-image-content n2-ss-item-content n2-ow-all\"><img loading=\"lazy\" decoding=\"async\" id=\"n2-ss-6item6\" alt=\"\" class=\"skip-lazy\" width=\"750\" height=\"82\" data-skip-lazy=\"1\" src=\"\/\/centmans.com\/index\/wp-content\/uploads\/2023\/09\/separador2.png\" \/><\/div><\/div><div class=\"n2-ss-layer n2-ow n2-ss-layer--block n2-ss-has-self-align n2-ss-stretch-layer n-uc-EAM9PeeNBrSL\" data-pm=\"normal\" data-sstype=\"row\"><div class=\"n2-ss-layer-row n2-ss-layer-with-background n-uc-EAM9PeeNBrSL-inner\"><div class=\"n2-ss-layer-row-inner \"><div class=\"n2-ss-layer n2-ow n-uc-tQnhhz9TqhOp\" data-pm=\"default\" data-sstype=\"col\"><div class=\"n2-ss-layer-col n2-ss-layer-with-background n2-ss-layer-content n-uc-tQnhhz9TqhOp-inner\"><div class=\"n2-ss-layer n2-ow n-uc-QheIA0OONTo0\" data-pm=\"normal\" data-sstype=\"layer\"><div class=\"n2-ss-item-content n2-ss-text n2-ow-all\"><div class=\"\"><p class=\"n2-font-b4b52194f542ec598eb8ccfbbe98c621-paragraph   \"><b>Por qu\u00e9 elegirnos:<br \/>\n<\/b><br \/>\n<b><b>1.\tEnfoque integral:<\/b><\/b> Acompa\u00f1amos todo el proceso editorial, desde la revisi\u00f3n y el dise\u00f1o hasta la preparaci\u00f3n para impresi\u00f3n o distribuci\u00f3n digital.<br \/>\n<b><br \/>2.\tProfesionalidad y creatividad:<\/b> Unimos rigor t\u00e9cnico con soluciones visuales atractivas y adaptadas a cada tipo de publicaci\u00f3n.<br \/>\n<b><br \/>3.\tExperiencia variada:<\/b> Hemos trabajado en proyectos de ensayo, narrativa, manuales educativos, cat\u00e1logos, publicaciones acad\u00e9micas y libros de fotograf\u00eda.<br \/>\n<b><b><br \/>4.\tAtenci\u00f3n personalizada:<\/b> <\/b>Adaptamos cada proyecto a las caracter\u00edsticas del contenido y a las expectativas del cliente.<br \/>\n<b><br \/>5.\tResultados de calidad:<\/b> Garantizamos publicaciones \u00fanicas, funcionales y coherentes, tanto en formato impreso como en digital<\/p>\n<\/div><\/div><\/div><\/div><\/div><div class=\"n2-ss-layer n2-ow n-uc-Geo7XAI4utrk\" data-pm=\"default\" data-sstype=\"col\"><div class=\"n2-ss-layer-col n2-ss-layer-with-background n2-ss-layer-content n-uc-Geo7XAI4utrk-inner\"><div class=\"n2-ss-layer n2-ow n-uc-KnWlKbTo8ViI\" data-pm=\"normal\" data-sstype=\"layer\"><div class=\" n2-ss-item-image-content n2-ss-item-content n2-ow-all\"><img loading=\"lazy\" decoding=\"async\" id=\"n2-ss-6item8\" alt=\"\" class=\"skip-lazy\" width=\"1274\" height=\"2175\" data-skip-lazy=\"1\" src=\"\/\/centmans.com\/index\/wp-content\/uploads\/2023\/09\/Invita-Ferrer-Barbany-Sa-Nostra-2.jpg\" \/><\/div><\/div><\/div><\/div><\/div><\/div><\/div><div class=\"n2-ss-layer n2-ow n-uc-cuIS3fnRHOZ8\" data-pm=\"normal\" data-sstype=\"layer\"><div class=\" n2-ss-item-image-content n2-ss-item-content n2-ow-all\"><img loading=\"lazy\" decoding=\"async\" id=\"n2-ss-6item9\" alt=\"\" class=\"skip-lazy\" width=\"750\" height=\"82\" data-skip-lazy=\"1\" src=\"\/\/centmans.com\/index\/wp-content\/uploads\/2023\/09\/separador.png\" \/><\/div><\/div><div class=\"n2-ss-layer n2-ow n-uc-SZXK7iTkb4zY\" data-pm=\"normal\" data-sstype=\"layer\"><div class=\"n2-ss-item-content n2-ss-text n2-ow-all\"><div class=\"\"><\/div><\/div><\/div><div class=\"n2-ss-layer n2-ow n-uc-hZBZJHpMm7Th\" data-pm=\"normal\" data-sstype=\"layer\"><div class=\"n2-ss-item-content n2-ss-text n2-ow-all\"><div class=\"\"><p class=\"n2-font-9c0743ed9d11f8296cfca418dfa268e5-paragraph   \">Contacta con <a href=\"http:\/\/centmans.com\/index\/quienes-somos\/\">CENTMANS<\/a> para obtener m\u00e1s informaci\u00f3n, requerir alguno de nuestros servicios, colaborar en proyectos o ser parte de nuestro esfuerzo conjunto por la cultura.<br \/>\n<i><a href=\"mailto:info@centmans.com\">info@centmans.com<\/a><\/i><\/p>\n<\/div><\/div><\/div><div class=\"n2-ss-layer n2-ow n-uc-yfISH7D7nnH7\" data-pm=\"normal\" data-sstype=\"layer\"><div class=\" n2-ss-item-image-content n2-ss-item-content n2-ow-all\"><a href=\"http:\/\/centmans.com\/index\/editorial\/\"><img loading=\"lazy\" decoding=\"async\" id=\"n2-ss-6item12\" alt=\"\" class=\"skip-lazy\" width=\"1076\" height=\"1087\" data-skip-lazy=\"1\" src=\"\/\/centmans.com\/index\/wp-content\/uploads\/2023\/08\/imago-WWW.png\" \/><\/a><\/div><\/div><\/div><\/div><\/div><\/div><\/div>                    <\/div>\n\n                                    <\/div>\n            <\/div>\n        <\/div>\n        <\/div><ss3-loader><\/ss3-loader><\/div><\/div><div class=\"n2_clear\"><\/div><\/div><\/ss3-force-full-width><\/div>","protected":false},"excerpt":{"rendered":"","protected":false},"author":1,"featured_media":0,"parent":0,"menu_order":0,"comment_status":"closed","ping_status":"closed","template":"","meta":{"footnotes":""},"_links":{"self":[{"href":"https:\/\/centmans.com\/index\/wp-json\/wp\/v2\/pages\/54"}],"collection":[{"href":"https:\/\/centmans.com\/index\/wp-json\/wp\/v2\/pages"}],"about":[{"href":"https:\/\/centmans.com\/index\/wp-json\/wp\/v2\/types\/page"}],"author":[{"embeddable":true,"href":"https:\/\/centmans.com\/index\/wp-json\/wp\/v2\/users\/1"}],"replies":[{"embeddable":true,"href":"https:\/\/centmans.com\/index\/wp-json\/wp\/v2\/comments?post=54"}],"version-history":[{"count":2,"href":"https:\/\/centmans.com\/index\/wp-json\/wp\/v2\/pages\/54\/revisions"}],"predecessor-version":[{"id":199,"href":"https:\/\/centmans.com\/index\/wp-json\/wp\/v2\/pages\/54\/revisions\/199"}],"wp:attachment":[{"href":"https:\/\/centmans.com\/index\/wp-json\/wp\/v2\/media?parent=54"}],"curies":[{"name":"wp","href":"https:\/\/api.w.org\/{rel}","templated":true}]}}