{"id":55,"date":"2023-08-24T17:31:59","date_gmt":"2023-08-24T17:31:59","guid":{"rendered":"http:\/\/centmans.com\/index\/?page_id=55"},"modified":"2023-09-08T14:48:06","modified_gmt":"2023-09-08T14:48:06","slug":"sig","status":"publish","type":"page","link":"https:\/\/centmans.com\/index\/sig\/","title":{"rendered":"SIG"},"content":{"rendered":"<div class=\"n2_clear\"><ss3-force-full-width data-overflow-x=\"body\" data-horizontal-selector=\"body\"><div class=\"n2-section-smartslider fitvidsignore  n2_clear\" data-ssid=\"7\"><div id=\"n2-ss-7-align\" class=\"n2-ss-align\"><div class=\"n2-padding\"><div id=\"n2-ss-7\" data-creator=\"Smart Slider 3\" data-responsive=\"fullwidth\" class=\"n2-ss-slider n2-ow n2-has-hover n2notransition  \">\n        <div class=\"n2-ss-slider-1 n2_ss__touch_element n2-ow\">\n            <div class=\"n2-ss-slider-2 n2-ow\">\n                                                    <div class=\"n2-ss-background-animation n2-ow\"><\/div>\n                                <div class=\"n2-ss-slider-3 n2-ow\">\n\n                    <div class=\"n2-ss-slide-backgrounds n2-ow-all\"><div class=\"n2-ss-slide-background\" data-public-id=\"1\" data-mode=\"fill\"><div class=\"n2-ss-slide-background-image\" data-blur=\"1\" data-opacity=\"40\" data-x=\"48\" data-y=\"47\" data-alt=\"\" data-title=\"\" style=\"opacity:0.4;--ss-o-pos-x:48%;--ss-o-pos-y:47%\"><picture class=\"skip-lazy\" data-skip-lazy=\"1\"><img decoding=\"async\" src=\"\/\/centmans.com\/index\/wp-content\/uploads\/2023\/08\/AF8515.jpg\" alt=\"\" title=\"\" loading=\"lazy\" class=\"skip-lazy\" data-skip-lazy=\"1\"><\/picture><\/div><div data-color=\"RGBA(0,0,0,1)\" style=\"background-color: RGBA(0,0,0,1);\" class=\"n2-ss-slide-background-color\"><\/div><\/div><\/div>                    <div class=\"n2-ss-slider-4 n2-ow\">\n                        <svg xmlns=\"http:\/\/www.w3.org\/2000\/svg\" viewBox=\"0 0 1920 800\" data-related-device=\"desktopPortrait\" class=\"n2-ow n2-ss-preserve-size n2-ss-preserve-size--slider n2-ss-slide-limiter\"><\/svg><div data-first=\"1\" data-slide-duration=\"0\" data-id=\"30\" data-slide-public-id=\"1\" data-title=\"AC4382-1\" class=\"n2-ss-slide n2-ow  n2-ss-slide-30\"><div role=\"note\" class=\"n2-ss-slide--focus\" tabindex=\"-1\">AC4382-1<\/div><div class=\"n2-ss-layers-container n2-ss-slide-limiter n2-ow\"><div class=\"n2-ss-layer n2-ow n-uc-gYxPm7CRD7SM\" data-sstype=\"slide\" data-pm=\"default\"><div class=\"n2-ss-layer n2-ow n-uc-W69R6ecTTgbY\" data-pm=\"default\" data-sstype=\"content\" data-hasbackground=\"0\"><div class=\"n2-ss-section-main-content n2-ss-layer-with-background n2-ss-layer-content n2-ow n-uc-W69R6ecTTgbY-inner\"><div class=\"n2-ss-layer n2-ow n2-ss-layer--block n2-ss-has-self-align n-uc-ubf8xIqY2d7N\" data-pm=\"normal\" data-sstype=\"row\"><div class=\"n2-ss-layer-row n2-ss-layer-with-background n-uc-ubf8xIqY2d7N-inner\"><div class=\"n2-ss-layer-row-inner \"><div class=\"n2-ss-layer n2-ow n-uc-yKoQsbBVJxWQ\" data-pm=\"default\" data-sstype=\"col\"><div class=\"n2-ss-layer-col n2-ss-layer-with-background n2-ss-layer-content n-uc-yKoQsbBVJxWQ-inner\"><div class=\"n2-ss-layer n2-ow n-uc-ZwElGyELORiM\" data-pm=\"normal\" data-sstype=\"layer\"><div id=\"n2-ss-7item1\" class=\"  n2-ss-item-content n2-ss-text n2-ow\" style=\"display:block;white-space:nowrap;\"><a class=\"n2-ow n2-font-b9a684d1182854be017fee311c0304d0-hover \" style=\"display:block;\" href=\"http:\/\/centmans.com\/index\/sig\/\">SIG<\/a><\/div><\/div><\/div><\/div><div class=\"n2-ss-layer n2-ow n-uc-ccbjfKhBGvBS\" data-pm=\"default\" data-sstype=\"col\"><div class=\"n2-ss-layer-col n2-ss-layer-with-background n2-ss-layer-content n-uc-ccbjfKhBGvBS-inner\"><div class=\"n2-ss-layer n2-ow n-uc-UIbKoZje6b7W\" data-pm=\"normal\" data-sstype=\"layer\"><div class=\" n2-ss-item-image-content n2-ss-item-content n2-ow-all\"><a href=\"http:\/\/centmans.com\/index\"><img loading=\"lazy\" decoding=\"async\" id=\"n2-ss-7item2\" alt=\"\" class=\"skip-lazy\" width=\"1076\" height=\"1087\" data-skip-lazy=\"1\" src=\"\/\/centmans.com\/index\/wp-content\/uploads\/2023\/08\/imago-WWW.png\" \/><\/a><\/div><\/div><\/div><\/div><\/div><\/div><\/div><div class=\"n2-ss-layer n2-ow n-uc-rtE0a7i64qVP\" data-pm=\"normal\" data-sstype=\"layer\"><div class=\"n2-ss-item-content n2-ss-text n2-ow-all\"><div class=\"\"><p class=\"n2-font-b4b52194f542ec598eb8ccfbbe98c621-paragraph   \">Nos especializamos en sistemas de informaci\u00f3n geogr\u00e1fica (SIG), ofreciendo servicios de creaci\u00f3n de capas de contenido para SIG institucionales y gesti\u00f3n patrimonial. Nuestra misi\u00f3n es transformar datos geogr\u00e1ficos en conocimiento valioso y permitir una gesti\u00f3n inteligente del patrimonio.<br \/>\nLos Sistemas de Informaci\u00f3n Geogr\u00e1fica (SIG) son herramientas tecnol\u00f3gicas que integran datos geoespaciales para capturar, analizar y visualizar informaci\u00f3n en funci\u00f3n de la ubicaci\u00f3n geogr\u00e1fica. Combinan mapas digitales con datos atributivos para ofrecer una comprensi\u00f3n m\u00e1s profunda de patrones y relaciones espaciales. Los SIG son vitales en \u00e1reas como planificaci\u00f3n urbana, medio ambiente y toma de decisiones, permitiendo la creaci\u00f3n de representaciones visuales y an\u00e1lisis que respaldan decisiones informadas en diversos campos.<\/p>\n<\/div><\/div><\/div><div class=\"n2-ss-layer n2-ow n-uc-xwAFldq4JIM2\" style=\"overflow:hidden;\" data-pm=\"normal\" data-sstype=\"layer\"><div class=\" n2-ss-item-image-content n2-ss-item-content n2-ow-all\"><img loading=\"lazy\" decoding=\"async\" id=\"n2-ss-7item4\" alt=\"\" class=\"skip-lazy\" width=\"800\" height=\"400\" data-skip-lazy=\"1\" src=\"\/\/centmans.com\/index\/wp-content\/uploads\/2023\/09\/gislayers-2.png\" \/><\/div><\/div><div class=\"n2-ss-layer n2-ow n-uc-5Bpg9ax8gUky\" data-pm=\"normal\" data-sstype=\"layer\"><div class=\"n2-ss-item-content n2-ss-text n2-ow-all\"><div class=\"\"><p class=\"n2-font-b4b52194f542ec598eb8ccfbbe98c621-paragraph   \"><b><br \/>\nNuestros Servicios Geoespaciales:<\/b><br \/>\n<b><br \/>\n1.\tCREACI\u00d3N DE CAPAS DE CONTENIDO PARA SIG INSTITUCIONALES<\/b><br \/>\nVisualiza tus datos en un contexto geogr\u00e1fico significativo. Nuestro equipo crea capas de contenido personalizadas que enriquecen tus sistemas de informaci\u00f3n geogr\u00e1fica, proporcionando una perspectiva espacial \u00fanica.<br \/>\n<b><br \/>\n2.\tGESTI\u00d3N PATRIMONIAL<\/b><br \/>\nEl pasado y el presente convergen en el espacio. Facilitamos la gesti\u00f3n y preservaci\u00f3n de tu patrimonio mediante soluciones geoespaciales inteligentes que optimizan la toma de decisiones y la planificaci\u00f3n.<\/p>\n<\/div><\/div><\/div><div class=\"n2-ss-layer n2-ow n-uc-K32G5i0dZvob\" data-pm=\"normal\" data-sstype=\"layer\"><div class=\" n2-ss-item-image-content n2-ss-item-content n2-ow-all\"><img loading=\"lazy\" decoding=\"async\" id=\"n2-ss-7item6\" alt=\"\" class=\"skip-lazy\" width=\"750\" height=\"82\" data-skip-lazy=\"1\" src=\"\/\/centmans.com\/index\/wp-content\/uploads\/2023\/09\/separador2.png\" \/><\/div><\/div><div class=\"n2-ss-layer n2-ow n2-ss-layer--block n2-ss-has-self-align n2-ss-stretch-layer n-uc-DpBex6apGimp\" data-pm=\"normal\" data-sstype=\"row\"><div class=\"n2-ss-layer-row n2-ss-layer-with-background n-uc-DpBex6apGimp-inner\"><div class=\"n2-ss-layer-row-inner \"><div class=\"n2-ss-layer n2-ow n-uc-jCLYJsXqXWGD\" data-pm=\"default\" data-sstype=\"col\"><div class=\"n2-ss-layer-col n2-ss-layer-with-background n2-ss-layer-content n-uc-jCLYJsXqXWGD-inner\"><div class=\"n2-ss-layer n2-ow n-uc-uWaQ3AExe0Qb\" data-pm=\"normal\" data-sstype=\"layer\"><div class=\"n2-ss-item-content n2-ss-text n2-ow-all\"><div class=\"\"><p class=\"n2-font-b4b52194f542ec598eb8ccfbbe98c621-paragraph   \"><b>Por qu\u00e9 Elegirnos:<\/b><br \/>\n<b><br \/>\n1.\tExperiencia e innovaci\u00f3n: <\/b>Con a\u00f1os de experiencia en tecnolog\u00edas geoespaciales, combinamos m\u00e9todos tradicionales con las \u00faltimas innovaciones para brindarte soluciones efectivas y vanguardistas.<br \/>\n<b><br \/>\n2.\tCompromiso con la precisi\u00f3n: <\/b>Los datos geogr\u00e1ficos son valiosos y requieren precisi\u00f3n. Nuestro enfoque se basa en la exactitud y la atenci\u00f3n al detalle en cada proyecto.<br \/>\n<b><br \/>\n3.\tConexi\u00f3n entre el pasado y el presente: <\/b>Reconocemos la importancia de la gesti\u00f3n patrimonial. Unimos la tecnolog\u00eda moderna con la preservaci\u00f3n del patrimonio hist\u00f3rico para un enfoque integral.<br \/>\n<b><br \/>\n4.\tColaboraci\u00f3n y Personalizaci\u00f3n: <\/b>Trabajamos de la mano contigo para entender tus necesidades espec\u00edficas y crear soluciones geoespaciales que se adapten a tus objetivos.<\/p>\n<\/div><\/div><\/div><\/div><\/div><div class=\"n2-ss-layer n2-ow n-uc-vz26Ohy9rV6q\" data-pm=\"default\" data-sstype=\"col\"><div class=\"n2-ss-layer-col n2-ss-layer-with-background n2-ss-layer-content n-uc-vz26Ohy9rV6q-inner\"><div class=\"n2-ss-layer n2-ow n-uc-BTVnSEzxaYr0\" data-pm=\"normal\" data-sstype=\"layer\"><div class=\" n2-ss-item-image-content n2-ss-item-content n2-ow-all\"><img loading=\"lazy\" decoding=\"async\" id=\"n2-ss-7item8\" alt=\"\" class=\"skip-lazy\" style=\"width:777px;height:auto\" width=\"300\" height=\"300\" data-skip-lazy=\"1\" src=\"\/\/centmans.com\/index\/wp-content\/uploads\/2023\/09\/sistemas-de-informacion-geografica-sig.jpg\" \/><\/div><\/div><\/div><\/div><\/div><\/div><\/div><div class=\"n2-ss-layer n2-ow n-uc-PDFhxd8tE1RU\" data-pm=\"normal\" data-sstype=\"layer\"><div class=\" n2-ss-item-image-content n2-ss-item-content n2-ow-all\"><img loading=\"lazy\" decoding=\"async\" id=\"n2-ss-7item9\" alt=\"\" class=\"skip-lazy\" width=\"750\" height=\"82\" data-skip-lazy=\"1\" src=\"\/\/centmans.com\/index\/wp-content\/uploads\/2023\/09\/separador.png\" \/><\/div><\/div><div class=\"n2-ss-layer n2-ow n-uc-N6Ki8zbM7j6e\" data-pm=\"normal\" data-sstype=\"layer\"><div class=\"n2-ss-item-content n2-ss-text n2-ow-all\"><div class=\"\"><\/div><\/div><\/div><div class=\"n2-ss-layer n2-ow n-uc-hinKO6247ist\" data-pm=\"normal\" data-sstype=\"layer\"><div class=\"n2-ss-item-content n2-ss-text n2-ow-all\"><div class=\"\"><p class=\"n2-font-9c0743ed9d11f8296cfca418dfa268e5-paragraph   \">Contacta con <a href=\"http:\/\/centmans.com\/index\/quienes-somos\/\">CENTMANS<\/a> para obtener m\u00e1s informaci\u00f3n, requerir alguno de nuestros servicios, colaborar en proyectos o ser parte de nuestro esfuerzo conjunto por la cultura.<br \/>\n<i><a href=\"mailto:info@centmans.com\">info@centmans.com<\/a><\/i><\/p>\n<\/div><\/div><\/div><div class=\"n2-ss-layer n2-ow n-uc-4CCVLK7GTHPL\" data-pm=\"normal\" data-sstype=\"layer\"><div class=\" n2-ss-item-image-content n2-ss-item-content n2-ow-all\"><a href=\"http:\/\/centmans.com\/index\"><img loading=\"lazy\" decoding=\"async\" id=\"n2-ss-7item12\" alt=\"\" class=\"skip-lazy\" width=\"1076\" height=\"1087\" data-skip-lazy=\"1\" src=\"\/\/centmans.com\/index\/wp-content\/uploads\/2023\/08\/imago-WWW.png\" \/><\/a><\/div><\/div><\/div><\/div><\/div><\/div><\/div>                    <\/div>\n\n                                    <\/div>\n            <\/div>\n        <\/div>\n        <\/div><ss3-loader><\/ss3-loader><\/div><\/div><div class=\"n2_clear\"><\/div><\/div><\/ss3-force-full-width><\/div>","protected":false},"excerpt":{"rendered":"","protected":false},"author":1,"featured_media":0,"parent":0,"menu_order":0,"comment_status":"closed","ping_status":"closed","template":"","meta":{"footnotes":""},"_links":{"self":[{"href":"https:\/\/centmans.com\/index\/wp-json\/wp\/v2\/pages\/55"}],"collection":[{"href":"https:\/\/centmans.com\/index\/wp-json\/wp\/v2\/pages"}],"about":[{"href":"https:\/\/centmans.com\/index\/wp-json\/wp\/v2\/types\/page"}],"author":[{"embeddable":true,"href":"https:\/\/centmans.com\/index\/wp-json\/wp\/v2\/users\/1"}],"replies":[{"embeddable":true,"href":"https:\/\/centmans.com\/index\/wp-json\/wp\/v2\/comments?post=55"}],"version-history":[{"count":2,"href":"https:\/\/centmans.com\/index\/wp-json\/wp\/v2\/pages\/55\/revisions"}],"predecessor-version":[{"id":204,"href":"https:\/\/centmans.com\/index\/wp-json\/wp\/v2\/pages\/55\/revisions\/204"}],"wp:attachment":[{"href":"https:\/\/centmans.com\/index\/wp-json\/wp\/v2\/media?parent=55"}],"curies":[{"name":"wp","href":"https:\/\/api.w.org\/{rel}","templated":true}]}}